Let t(o) = 2*o - j - 5*o + 6. Determine t(2).
-8
Suppose 0 = -2*i, -a - 2*i - 4 = 2*i. Let l = -7 - a. Let h(f) = -225 + 3*f + f**2 + 225. What is h(l)?
0
Let u(f) = f**2 - 21*f + 4*f + 5*f - 9. Let w be u(13). Let i(y) be the third derivative of -y**4/24 - y**3/3 - y**2. Give i(w).
-6
Let q = 417 - 428. Let v(t) = -t**2 - 11*t - 10. Determine v(q).
-10
Let b = 32 - 20. Let d be (4 - 1)*b/18. Let q(z) = -8*z + 2*z - d*z + 2*z. What is q(1)?
-6
Suppose q - 18 = -17. Suppose t = -u - u + 9, 0 = 5*t - 5. Let h(p) = 4 - p - u*p - 5. Give h(q).
-6
Let d = -34 + 74. Suppose -d + 10 = -3*w. Let s = w + -6. Let q(y) = -y**3 + 4*y**2 - 3*y + 2. Calculate q(s).
-10
Let s(q) = -4*q + 8*q + q + 3. Let k(l) = 6*l - 55. Let w be k(9). Let g be (-3 - w)*93/62. Calculate s(g).
-12
Let f be (-12)/((-12)/(-4))*1. Let u(o) = -o**3 - 2*o**2 + 5*o - 3. Let c be u(-4). Let d(p) = -c + 4*p + 7 + 8. Calculate d(f).
-10
Let s be -4 + 2 - (-1 - 7). Let d(n) = -2*n + 2 + 1 - s. Let c be 24/2 + (-3 - 11). Calculate d(c).
1
Suppose -15 = -w - 3*a, 0*w + 14 = -2*w + 5*a. Let t = 2 + 2. Let x(g) = 3 - t*g - w*g + 6*g. What is x(4)?
-1
Suppose 47 - 17 = 5*z. Let u(w) = -2425 - w + 1213 + 1213. Determine u(z).
-5
Let h(y) = -y + 3. Let u(x) = -x**3 - 2*x**2 + 2. Suppose 0 = 10*c - 15*c. Let n be u(c). Let q be 4/4 - (3 - n). Give h(q).
3
Suppose 6*w - 5*w - 4 = 0. Let m = w - 9. Let c(g) = -g**3 - 6*g**2 - 6*g + 5. Calculate c(m).
10
Let n(p) = 2*p**2 + 5*p - 1. Let w(x) = x**2 - 41*x + 259. Let i be w(33). Calculate n(i).
24
Suppose -6 = -5*i + 4*u, -4 = 3*u - 7. Let f(d) = -13*d + 2. Give f(i).
-24
Let y(n) = n + 6. Let c(q) = -q**3 - 5*q**2 - 11*q. Let t be c(-5). Suppose t = -8*g + 15. Calculate y(g).
1
Let l(m) be the second derivative of m**4/12 + 9*m**2/2 - 10*m + 4. Give l(0).
9
Let i(o) = 4*o**3 - o**2 - 2*o + 6. Let s(r) = r**3 - r**2 + 1. Let c(y) = -i(y) + 3*s(y). Suppose 21*g - 31*g = 30. Determine c(g).
0
Let s(n) be the third derivative of 5*n**4/24 + n**3/6 - 32*n**2. What is s(-5)?
-24
Suppose 0*l + 3*l = 2*z - 31, 0 = -3*z - 2*l + 53. Let u(n) = 2*n - 40. What is u(z)?
-6
Suppose 4 = 2*m, -5*z + 0*m - 6 = -3*m. Suppose -5*d + z*d = -20. Suppose -k - 5 = 5*a - 0*k, -5*k + 33 = -d*a. Let t(p) = -p**2 + p. What is t(a)?
-6
Let w = -629 - -619. Let j(a) = a**3 + 10*a**2 + 4*a + 10. Give j(w).
-30
Let o(b) = 0*b + 0*b + 15*b**2. Suppose -5*w = -4*f - 16, 3*f - 7*w + 13 = -3*w. What is o(f)?
15
Let b(i) = -2*i**2 + 5*i + 1. Let r be (-8)/(-52) - (-126)/26. What is b(r)?
-24
Let i(c) = c**2 - 2*c - 1. Let o(j) = j + 10. Let f(g) = 1 + 11 - 2. Let z(n) = -3*f(n) + 2*o(n). Let p be z(7). Give i(p).
7
Let w(d) = -d - 22. Let q(o) = -8*o - 176. Let x(s) = -q(s) + 7*w(s). Calculate x(-12).
10
Suppose -9*m = -7*m - 5*g - 21, 5*g + 15 = 0. Let w(y) = 12*y - 2 - 2 - 7. Let c(s) = 11*s - 10. Let l(n) = -7*c(n) + 6*w(n). Give l(m).
-11
Let l(b) = -b**3 + 5*b + 6. Let u = -12 + 8. Determine l(u).
50
Let w be 9/(-2) + 1/2. Let a(t) = 247*t + 292*t - 2 - 543*t. Give a(w).
14
Let h be 54/48 + (-4)/32. Let c(u) = 15*u**2 + 3*u - 1. Calculate c(h).
17
Let w(p) = 9*p**2 - 28*p + 3. Let b(x) = 4*x**2 - 13*x + 1. Let o(g) = -7*b(g) + 3*w(g). Calculate o(8).
-6
Let g(q) = -q**2 + 773745 - 773742 + q**3 + 0*q**3 + 2*q. Determine g(-3).
-39
Suppose -3*s + 6 - 3 = 0. Let i be (-4*s)/(2/3*-3). Let w(j) = 3*j**3 - 7*j**2 + 4. Let k(a) = 2*a**3 - 5*a**2 + 3. Let z(t) = 7*k(t) - 5*w(t). Give z(i).
-7
Let f(a) = -a. Suppose -4*z - 72 = 2*q, 4*q + 199 - 37 = z. Let i be (-5)/(q/(-12))*-2. Give f(i).
-3
Let a(r) = r - 7. Suppose 24 = -m - 0*q - 4*q, -5*q = -4*m - 12. What is a(m)?
-15
Let t(g) = 7*g**3 + 7 - 2 - g - 8*g + 15*g**2. Let h be 2 + -6 + 1 + -2. Let n(k) = -3*k**3 - 7*k**2 + 5*k - 2. Let v(m) = h*n(m) - 2*t(m). Calculate v(-6).
6
Let k(q) = q**2 + 4*q - 4. Let x be k(-5). Let m(g) = -6*g**2 - 6*g + 7. Let r(o) = 7*o**2 + 5*o - 6. Let n(w) = -5*m(w) - 6*r(w). Determine n(x).
-11
Let p(m) = m**3 + 7*m**2 - 11*m + 13. Let n be p(-9). Let o = n + 44. Let g(t) = t**2 + 6*t + 6. Give g(o).
6
Let a = 5 + 3. Let m(j) = -3*j + 10. Let q(n) = -5*n + 15. Let i(p) = a*m(p) - 5*q(p). Suppose 0 = -5*v + 3*l - 3, -2 = 3*l - 5. Determine i(v).
5
Let q(r) be the first derivative of r**4/4 - 11*r**3/3 + 9*r**2/2 + 8*r - 78. Calculate q(10).
-2
Let p(u) = 6*u**2 - 15*u**2 + 7*u + 11*u + 11*u**2 + 5*u - 1. Determine p(-12).
11
Suppose 4*d - 17 = 5*z + 22, 0 = 4*z - d + 29. Let j = 9 + z. Let c(g) = -j*g + g - 9*g**2 + 17*g**2. Calculate c(1).
7
Let b(a) = a + 8. Suppose 4 + 16 = r + 5*f, 2*r + 5*f = 40. Suppose 6*t - 28 = r. Give b(t).
16
Let n(j) = -3*j + 43. Suppose -22*b + 49*b - 405 = 0. Determine n(b).
-2
Suppose 10*s = 26 + 34. Let q(i) = 2 + 0*i**2 + i**2 - 1 + 0*i**2 + s*i. What is q(-5)?
-4
Suppose 21*y = 18*y + 156. Let j(o) = -4*o**2 - y - 2*o**3 + 3*o**3 + 47 + 2*o. Suppose 0 = 2*g - 7*g + 20. Determine j(g).
3
Let k(o) be the second derivative of o**8/6720 - o**7/630 + o**6/720 + o**5/120 - 13*o**4/12 + 8*o. Let s(t) be the third derivative of k(t). What is s(3)?
-5
Let m(f) = -f**3 - 5*f**2 - 2*f + 6. Let i = -1034 - -1029. Determine m(i).
16
Let w(a) be the first derivative of -a**3/3 - 3*a**2 - 3*a + 34. Let c be 30/18*1*-3. Let l = c + 0. Give w(l).
2
Let f(t) = -t**3 - 4*t**2 - 3*t - 6. Let x be (-1 + 2)*(9 - -6). Suppose 4*s + x = 5*k + 3, 2*k - 3*s - 2 = 0. Suppose 0 = a + k. Determine f(a).
6
Suppose 8 = -10*g + 14*g, f = -4*g + 12. Let l(w) = -w**2 + 3*w + 5. Calculate l(f).
1
Let h(g) = -g + 2. Let n(a) be the first derivative of 2*a + 1. Let j(f) = 4*h(f) - 5*n(f). Let b = 89 + -91. Calculate j(b).
6
Let i be -1 - 0 - (0 - -2). Let t(j) = -4*j - 4. Let z(g) = -g - 1. Let w(h) = t(h) - 3*z(h). What is w(i)?
2
Let q(d) = -4*d + 0*d + 3*d. Suppose 4*b - 3*s - 21 = 0, 3*b + b = -2*s + 6. Let a be 7 + -2 - b/3. What is q(a)?
-4
Let o(m) be the first derivative of -m**3/3 - 2*m**2 + m + 1. Suppose -12*v + 281 = 317. Give o(v).
4
Let y(j) = j**2 + 4*j + 3. Let l be (21/14)/(1/(-2)). Let r be (-24)/l - 4*1. Let a = r - 8. Calculate y(a).
3
Let u = 61 + -52. Let w(m) = -m**2 + 10*m - 8. Give w(u).
1
Let k be 51/34 + (6/4 - 0). Let w(n) = -3*n - 48*n**3 + 26*n**k + n**2 - 6*n**2 + 21*n**3. Determine w(-4).
-4
Let a(i) = 77 - 39 - 4*i + 2. Determine a(9).
4
Suppose 0 = 3*j + 7 - 1. Let g(o) be the third derivative of o**5/30 + o**4/12 - o**3/3 - 8*o**2. Calculate g(j).
2
Let d(y) = 3*y - 9. Let n be d(4). Let o(v) = -219 - n*v**2 + 0*v**2 + v**3 - 4*v + 215. What is o(4)?
-4
Let x = -2 + 4. Suppose -2*j - 14 = 4*l, 6 + 0 = -3*l. Let d = j - x. Let h(y) = y - 1. Give h(d).
-6
Suppose 8 - 24 = 4*i. Let y(q) = 5. Let t(d) = 9. Let w(r) = -4*t(r) + 7*y(r). Let n(g) = g + 1. Let o(b) = i*w(b) + n(b). Give o(-6).
-1
Let q(k) = k**2 - 3*k + 3. Let t = 15 + -11. Let c be 14/t*52/91. Let b(r) = 2*r**2 - 3*r + 2. Let x be b(c). Determine q(x).
7
Let b(v) = v**2 - 17. Let r be 2 + -3 + 0 - (-15 - -7). Let d be ((-84)/20)/r + 6/10. Calculate b(d).
-17
Let o be (-2296)/336 + 15/18. Let y(i) = -2*i - 17. Give y(o).
-5
Let r(f) = -34 - 19 - f**2 + 64 + 11*f. Determine r(8).
35
Let n(y) = y - 6. Let j = -5 + 10. Let w(c) = 4*c**2 - 8*c - 3*c + 5*c**2 + 1 + c**3 - j. Let a be w(-10). Give n(a).
0
Let b be (1 - (0 - -2))*9. Suppose 2*d + 6 = r - 2, -4*r + 2*d + 26 = 0. Let w(v) = -8*v**2 - r*v**3 + 3 - 4 + 9*v + 6 + 5*v**3. Determine w(b).
5
Let m(t) = -t + 2. Let w(i) = -i + 5. Let o be w(3). Suppose 0*c + 5*q + 19 = -3*c, -c - o*q = 8. Determine m(c).
0
Let m(g) = 17*g + 13 - 11*g - g**2 - 3*g. What is m(6)?
-5
Let z = -13 + 16. Let u(r) = 7 - 2 + z*r + 4 - 2*r. Calculate u(-5).
4
Let m(n) = 2*n**2 - 5*n + 3. Let c be (52/390 + (-22)/(-60))*6. What is m(c)?
6
Suppose -3*r + 3*o - 24 = 0, -14*r + 10*r + 3*o = 28. Let h(q) = q**2 + 2*q - 3. Determine h(r).
5
Let p be (-2)/(-4) - 25/2. Let t = p - -14. Let m(i) = 13*i - i**t - 8 + i - 5*i. Calculate m(6).
10
Let p(g) = 3*g - 2*g - 43 + 42 - 7*g**3 - 4*g**2. Let h(y) = -13*y**3 - 8*y**2 + 3*y - 2. Let u(x) = 6*h(x) - 11*p(x). Give u(-5).
-11
Let u(v) = 38*v - 3. Let g be u(-1). Let r = -44 - g. Let j(l) = 2*l + 2. Let b(p) = -3*p - 3. Let x(f) = 3*b(f) + 5*j(f). What is x(r)?
-2
Let z be -6 + 18/(-42)*-7. Let m(u) = -10*u - 23. Give m(z).
7
Let p(l) = 4*l